{"id":338,"date":"2022-09-06T21:12:54","date_gmt":"2022-09-06T19:12:54","guid":{"rendered":"https:\/\/boutique.aurorecombaz.fr\/?post_type=product&#038;p=338"},"modified":"2022-09-06T21:36:01","modified_gmt":"2022-09-06T19:36:01","slug":"ma-vie-inconnue-tome-4","status":"publish","type":"product","link":"https:\/\/boutique.aurorecombaz.fr\/index.php\/produit\/ma-vie-inconnue-tome-4\/","title":{"rendered":"Ma vie inconnue &#8211; Tome 4"},"content":{"rendered":"<ul>\n<li>392 pages<\/li>\n<li>450 grammes<\/li>\n<li>13.50 X 21.50 cm<\/li>\n<li>Marque-page inclus<\/li>\n<li>ISBN : 978-2-9582594-3-3<\/li>\n<li><a href=\"https:\/\/drive.google.com\/file\/d\/1mRsCZH6y3XdfzLBOnkKcIZD7d8653m-v\/view?usp=sharing\">Lire un extrait<\/a><\/li>\n<\/ul>\n","protected":false},"excerpt":{"rendered":"<p>Bien des ann\u00e9es ont pass\u00e9. Bless\u00e9e dans son \u00e2me, Sophie a d\u00e9cid\u00e9 depuis longtemps de tourner le dos \u00e0 son destin.<\/p>\n<p>Mais lorsqu\u2019un vieil ami la supplie un jour de recouvrer sa place, elle doute.<\/p>\n<p>Qui est ce nouvel ennemi pr\u00eat \u00e0 tout pour la retrouver ? Pourquoi est-il r\u00e9solu \u00e0 l\u2019associer au pouvoir ?<\/p>\n<p>Consciente qu\u2019elle n\u2019\u00e9chappera jamais \u00e0 cette vie, Sophie accepte \u00e0 ses risques et p\u00e9rils d\u2019en reprendre le fil\u2026<\/p>\n","protected":false},"featured_media":339,"comment_status":"open","ping_status":"closed","template":"","meta":[],"product_brand":[],"product_cat":[18,15],"product_tag":[],"class_list":{"0":"post-338","1":"product","2":"type-product","3":"status-publish","4":"has-post-thumbnail","6":"product_cat-livre-broche","7":"product_cat-non-classe","9":"first","10":"instock","11":"shipping-taxable","12":"purchasable","13":"product-type-simple"},"yoast_head":"<!-- This site is optimized with the Yoast SEO plugin v27.4 - https:\/\/yoast.com\/product\/yoast-seo-wordpress\/ -->\n<title>Ma vie inconnue - Tome 4 - aurorecombaz.fr<\/title>\n<meta name=\"description\" content=\"Bien des ann\u00e9es ont pass\u00e9. Bless\u00e9e dans son \u00e2me, Sophie a d\u00e9cid\u00e9 depuis longtemps de tourner le dos \u00e0 son destin. Mais lorsqu\u2019un vieil ami la supplie...\" \/>\n<meta name=\"robots\" content=\"index, follow, max-snippet:-1, max-image-preview:large, max-video-preview:-1\" \/>\n<link rel=\"canonical\" href=\"https:\/\/boutique.aurorecombaz.fr\/index.php\/produit\/ma-vie-inconnue-tome-4\/\" \/>\n<meta property=\"og:locale\" content=\"fr_FR\" \/>\n<meta property=\"og:type\" content=\"article\" \/>\n<meta property=\"og:title\" content=\"Ma vie inconnue - Tome 4 - aurorecombaz.fr\" \/>\n<meta property=\"og:description\" content=\"Bien des ann\u00e9es ont pass\u00e9. Bless\u00e9e dans son \u00e2me, Sophie a d\u00e9cid\u00e9 depuis longtemps de tourner le dos \u00e0 son destin. Mais lorsqu\u2019un vieil ami la supplie...\" \/>\n<meta property=\"og:url\" content=\"https:\/\/boutique.aurorecombaz.fr\/index.php\/produit\/ma-vie-inconnue-tome-4\/\" \/>\n<meta property=\"og:site_name\" content=\"aurorecombaz.fr\" \/>\n<meta property=\"article:publisher\" content=\"https:\/\/www.facebook.com\/aurorecombaz\/\" \/>\n<meta property=\"article:modified_time\" content=\"2022-09-06T19:36:01+00:00\" \/>\n<meta property=\"og:image\" content=\"https:\/\/boutique.aurorecombaz.fr\/wp-content\/uploads\/2022\/09\/ma-vie-inconnue-T4.png\" \/>\n\t<meta property=\"og:image:width\" content=\"500\" \/>\n\t<meta property=\"og:image:height\" content=\"500\" \/>\n\t<meta property=\"og:image:type\" content=\"image\/png\" \/>\n<meta name=\"twitter:card\" content=\"summary_large_image\" \/>\n<meta name=\"twitter:label1\" content=\"Dur\u00e9e de lecture estim\u00e9e\" \/>\n\t<meta name=\"twitter:data1\" content=\"1 minute\" \/>\n<script type=\"application\/ld+json\" class=\"yoast-schema-graph\">{\"@context\":\"https:\\\/\\\/schema.org\",\"@graph\":[{\"@type\":\"WebPage\",\"@id\":\"https:\\\/\\\/boutique.aurorecombaz.fr\\\/index.php\\\/produit\\\/ma-vie-inconnue-tome-4\\\/\",\"url\":\"https:\\\/\\\/boutique.aurorecombaz.fr\\\/index.php\\\/produit\\\/ma-vie-inconnue-tome-4\\\/\",\"name\":\"Ma vie inconnue - Tome 4 - aurorecombaz.fr\",\"isPartOf\":{\"@id\":\"https:\\\/\\\/boutique.aurorecombaz.fr\\\/#website\"},\"primaryImageOfPage\":{\"@id\":\"https:\\\/\\\/boutique.aurorecombaz.fr\\\/index.php\\\/produit\\\/ma-vie-inconnue-tome-4\\\/#primaryimage\"},\"image\":{\"@id\":\"https:\\\/\\\/boutique.aurorecombaz.fr\\\/index.php\\\/produit\\\/ma-vie-inconnue-tome-4\\\/#primaryimage\"},\"thumbnailUrl\":\"https:\\\/\\\/boutique.aurorecombaz.fr\\\/wp-content\\\/uploads\\\/2022\\\/09\\\/ma-vie-inconnue-T4.png\",\"datePublished\":\"2022-09-06T19:12:54+00:00\",\"dateModified\":\"2022-09-06T19:36:01+00:00\",\"description\":\"Bien des ann\u00e9es ont pass\u00e9. Bless\u00e9e dans son \u00e2me, Sophie a d\u00e9cid\u00e9 depuis longtemps de tourner le dos \u00e0 son destin. Mais lorsqu\u2019un vieil ami la supplie...\",\"breadcrumb\":{\"@id\":\"https:\\\/\\\/boutique.aurorecombaz.fr\\\/index.php\\\/produit\\\/ma-vie-inconnue-tome-4\\\/#breadcrumb\"},\"inLanguage\":\"fr-FR\",\"potentialAction\":[{\"@type\":\"ReadAction\",\"target\":[\"https:\\\/\\\/boutique.aurorecombaz.fr\\\/index.php\\\/produit\\\/ma-vie-inconnue-tome-4\\\/\"]}]},{\"@type\":\"ImageObject\",\"inLanguage\":\"fr-FR\",\"@id\":\"https:\\\/\\\/boutique.aurorecombaz.fr\\\/index.php\\\/produit\\\/ma-vie-inconnue-tome-4\\\/#primaryimage\",\"url\":\"https:\\\/\\\/boutique.aurorecombaz.fr\\\/wp-content\\\/uploads\\\/2022\\\/09\\\/ma-vie-inconnue-T4.png\",\"contentUrl\":\"https:\\\/\\\/boutique.aurorecombaz.fr\\\/wp-content\\\/uploads\\\/2022\\\/09\\\/ma-vie-inconnue-T4.png\",\"width\":500,\"height\":500},{\"@type\":\"BreadcrumbList\",\"@id\":\"https:\\\/\\\/boutique.aurorecombaz.fr\\\/index.php\\\/produit\\\/ma-vie-inconnue-tome-4\\\/#breadcrumb\",\"itemListElement\":[{\"@type\":\"ListItem\",\"position\":1,\"name\":\"Accueil\",\"item\":\"https:\\\/\\\/boutique.aurorecombaz.fr\\\/\"},{\"@type\":\"ListItem\",\"position\":2,\"name\":\"Boutique\",\"item\":\"https:\\\/\\\/boutique.aurorecombaz.fr\\\/index.php\\\/boutique\\\/\"},{\"@type\":\"ListItem\",\"position\":3,\"name\":\"Ma vie inconnue &#8211; Tome 4\"}]},{\"@type\":\"WebSite\",\"@id\":\"https:\\\/\\\/boutique.aurorecombaz.fr\\\/#website\",\"url\":\"https:\\\/\\\/boutique.aurorecombaz.fr\\\/\",\"name\":\"aurorecombaz.fr\",\"description\":\"\",\"potentialAction\":[{\"@type\":\"SearchAction\",\"target\":{\"@type\":\"EntryPoint\",\"urlTemplate\":\"https:\\\/\\\/boutique.aurorecombaz.fr\\\/?s={search_term_string}\"},\"query-input\":{\"@type\":\"PropertyValueSpecification\",\"valueRequired\":true,\"valueName\":\"search_term_string\"}}],\"inLanguage\":\"fr-FR\"}]}<\/script>\n<!-- \/ Yoast SEO plugin. -->","yoast_head_json":{"title":"Ma vie inconnue - Tome 4 - aurorecombaz.fr","description":"Bien des ann\u00e9es ont pass\u00e9. Bless\u00e9e dans son \u00e2me, Sophie a d\u00e9cid\u00e9 depuis longtemps de tourner le dos \u00e0 son destin. Mais lorsqu\u2019un vieil ami la supplie...","robots":{"index":"index","follow":"follow","max-snippet":"max-snippet:-1","max-image-preview":"max-image-preview:large","max-video-preview":"max-video-preview:-1"},"canonical":"https:\/\/boutique.aurorecombaz.fr\/index.php\/produit\/ma-vie-inconnue-tome-4\/","og_locale":"fr_FR","og_type":"article","og_title":"Ma vie inconnue - Tome 4 - aurorecombaz.fr","og_description":"Bien des ann\u00e9es ont pass\u00e9. Bless\u00e9e dans son \u00e2me, Sophie a d\u00e9cid\u00e9 depuis longtemps de tourner le dos \u00e0 son destin. Mais lorsqu\u2019un vieil ami la supplie...","og_url":"https:\/\/boutique.aurorecombaz.fr\/index.php\/produit\/ma-vie-inconnue-tome-4\/","og_site_name":"aurorecombaz.fr","article_publisher":"https:\/\/www.facebook.com\/aurorecombaz\/","article_modified_time":"2022-09-06T19:36:01+00:00","og_image":[{"width":500,"height":500,"url":"https:\/\/boutique.aurorecombaz.fr\/wp-content\/uploads\/2022\/09\/ma-vie-inconnue-T4.png","type":"image\/png"}],"twitter_card":"summary_large_image","twitter_misc":{"Dur\u00e9e de lecture estim\u00e9e":"1 minute"},"schema":{"@context":"https:\/\/schema.org","@graph":[{"@type":"WebPage","@id":"https:\/\/boutique.aurorecombaz.fr\/index.php\/produit\/ma-vie-inconnue-tome-4\/","url":"https:\/\/boutique.aurorecombaz.fr\/index.php\/produit\/ma-vie-inconnue-tome-4\/","name":"Ma vie inconnue - Tome 4 - aurorecombaz.fr","isPartOf":{"@id":"https:\/\/boutique.aurorecombaz.fr\/#website"},"primaryImageOfPage":{"@id":"https:\/\/boutique.aurorecombaz.fr\/index.php\/produit\/ma-vie-inconnue-tome-4\/#primaryimage"},"image":{"@id":"https:\/\/boutique.aurorecombaz.fr\/index.php\/produit\/ma-vie-inconnue-tome-4\/#primaryimage"},"thumbnailUrl":"https:\/\/boutique.aurorecombaz.fr\/wp-content\/uploads\/2022\/09\/ma-vie-inconnue-T4.png","datePublished":"2022-09-06T19:12:54+00:00","dateModified":"2022-09-06T19:36:01+00:00","description":"Bien des ann\u00e9es ont pass\u00e9. Bless\u00e9e dans son \u00e2me, Sophie a d\u00e9cid\u00e9 depuis longtemps de tourner le dos \u00e0 son destin. Mais lorsqu\u2019un vieil ami la supplie...","breadcrumb":{"@id":"https:\/\/boutique.aurorecombaz.fr\/index.php\/produit\/ma-vie-inconnue-tome-4\/#breadcrumb"},"inLanguage":"fr-FR","potentialAction":[{"@type":"ReadAction","target":["https:\/\/boutique.aurorecombaz.fr\/index.php\/produit\/ma-vie-inconnue-tome-4\/"]}]},{"@type":"ImageObject","inLanguage":"fr-FR","@id":"https:\/\/boutique.aurorecombaz.fr\/index.php\/produit\/ma-vie-inconnue-tome-4\/#primaryimage","url":"https:\/\/boutique.aurorecombaz.fr\/wp-content\/uploads\/2022\/09\/ma-vie-inconnue-T4.png","contentUrl":"https:\/\/boutique.aurorecombaz.fr\/wp-content\/uploads\/2022\/09\/ma-vie-inconnue-T4.png","width":500,"height":500},{"@type":"BreadcrumbList","@id":"https:\/\/boutique.aurorecombaz.fr\/index.php\/produit\/ma-vie-inconnue-tome-4\/#breadcrumb","itemListElement":[{"@type":"ListItem","position":1,"name":"Accueil","item":"https:\/\/boutique.aurorecombaz.fr\/"},{"@type":"ListItem","position":2,"name":"Boutique","item":"https:\/\/boutique.aurorecombaz.fr\/index.php\/boutique\/"},{"@type":"ListItem","position":3,"name":"Ma vie inconnue &#8211; Tome 4"}]},{"@type":"WebSite","@id":"https:\/\/boutique.aurorecombaz.fr\/#website","url":"https:\/\/boutique.aurorecombaz.fr\/","name":"aurorecombaz.fr","description":"","potentialAction":[{"@type":"SearchAction","target":{"@type":"EntryPoint","urlTemplate":"https:\/\/boutique.aurorecombaz.fr\/?s={search_term_string}"},"query-input":{"@type":"PropertyValueSpecification","valueRequired":true,"valueName":"search_term_string"}}],"inLanguage":"fr-FR"}]}},"_links":{"self":[{"href":"https:\/\/boutique.aurorecombaz.fr\/index.php\/wp-json\/wp\/v2\/product\/338","targetHints":{"allow":["GET"]}}],"collection":[{"href":"https:\/\/boutique.aurorecombaz.fr\/index.php\/wp-json\/wp\/v2\/product"}],"about":[{"href":"https:\/\/boutique.aurorecombaz.fr\/index.php\/wp-json\/wp\/v2\/types\/product"}],"replies":[{"embeddable":true,"href":"https:\/\/boutique.aurorecombaz.fr\/index.php\/wp-json\/wp\/v2\/comments?post=338"}],"wp:featuredmedia":[{"embeddable":true,"href":"https:\/\/boutique.aurorecombaz.fr\/index.php\/wp-json\/wp\/v2\/media\/339"}],"wp:attachment":[{"href":"https:\/\/boutique.aurorecombaz.fr\/index.php\/wp-json\/wp\/v2\/media?parent=338"}],"wp:term":[{"taxonomy":"product_brand","embeddable":true,"href":"https:\/\/boutique.aurorecombaz.fr\/index.php\/wp-json\/wp\/v2\/product_brand?post=338"},{"taxonomy":"product_cat","embeddable":true,"href":"https:\/\/boutique.aurorecombaz.fr\/index.php\/wp-json\/wp\/v2\/product_cat?post=338"},{"taxonomy":"product_tag","embeddable":true,"href":"https:\/\/boutique.aurorecombaz.fr\/index.php\/wp-json\/wp\/v2\/product_tag?post=338"}],"curies":[{"name":"wp","href":"https:\/\/api.w.org\/{rel}","templated":true}]}}